{"id":17,"date":"2020-12-15T18:42:30","date_gmt":"2020-12-15T18:42:30","guid":{"rendered":"https:\/\/isclientes.com.br\/deep\/?page_id=17"},"modified":"2026-03-10T13:50:53","modified_gmt":"2026-03-10T16:50:53","slug":"comissoes","status":"publish","type":"page","link":"https:\/\/deepseguros.com.br\/?page_id=17","title":{"rendered":"LGPD; Corretor"},"content":{"rendered":"<p><span style=\"color: #ff0000;\">LGPD<\/span><\/p>\n<p><span style=\"color: #0000ff;\">Em cumprimento a Legisla\u00e7\u00e3o vigente, especialmente Lei 8078\/90- C\u00f3digo de Defesa do Consumidor- CDC e Resolu\u00e7\u00e3o CNSP 382\/2020, artigo 4\u00ba, Par\u00e1grafo 1\u00ba, IV, DECLARAMOS que todas as informa\u00e7\u00f5es relativas as propostas e contratos de seguros intermediados por nossas corretoras estar\u00e3o \u00e0 disposi\u00e7\u00e3o dos Clientes podendo ser solicitadas a qualquer tempo por qualquer um de nossos canais de contato.<\/span><br \/><span style=\"color: #0000ff;\">POL\u00cdTICA DE PRIVACIDADE LGPD &#8211; A presente Pol\u00edtica de Privacidade tem por objetivo estabelecer as regras e diretrizes para tratamento de dados pessoais dos segurados, oferecendo transpar\u00eancia no tratamento de seus dados pessoais. Ao usar nossos meios de comunica\u00e7\u00e3o, solicitamos o consentimento ao fornecimento de dados em todos os momentos onde isso ocorrer. O \u00fanico uso dado a esses dados ser\u00e1 aquele para o qual foram fornecidos, sendo que zelamos por sua confidencialidade, seguran\u00e7a e rastreabilidade.<\/span><\/p>\n<p><span style=\"color: #ffffff;\">.<\/span><\/p>\n<p style=\"text-align: left;\"><span style=\"color: #ff0000;\">Corretor<\/span><\/p>\n<p style=\"text-align: center;\"><span style=\"color: #0000ff;\">Porque ter um \u00f3timo seguro, solida seguradora e excelente corretor?<\/span><\/p>\n<p style=\"text-align: center;\">I<\/p>\n<p style=\"text-align: center;\"><span style=\"color: #0000ff;\">Atendimento 24h em caso de sinistro, com real conhecimento dos procedimentos<\/span><br \/><span style=\"color: #0000ff;\">tanto para perda parcial, como total.<\/span><\/p>\n<p style=\"text-align: center;\">II<\/p>\n<p style=\"text-align: center;\"><span style=\"color: #0000ff;\">Atendimento 24h, TODOS OS DIAS, em casos de pane, desde um pneu furado a bateria,<\/span><br \/><span style=\"color: #0000ff;\">chaveiro, e v\u00e1rios outros problemas,<\/span><br \/><span style=\"color: #0000ff;\">com experi\u00eancia nessas situa\u00e7\u00f5es, que geralmente requerem agilidade,<\/span><br \/><span style=\"color: #0000ff;\">devido ao local e hor\u00e1rio,<\/span><br \/><span style=\"color: #0000ff;\">pois o pessoal fica<\/span> <span style=\"color: #ff0000;\">sujeito a assaltos<\/span> e<span style=\"color: #0000ff;\"> at\u00e9 algo pior, contudo,<\/span><br \/><span style=\"color: #0000ff;\">tamb\u00e9m, ajuda na sele\u00e7\u00e3o do que \u00e9 melhor fazer ou n\u00e3o, portanto,<\/span><br \/><span style=\"color: #0000ff;\">at\u00e9 nesse atendimento 24h, todos os dias, um \u00f3timo corretor<\/span><br \/><span style=\"color: #0000ff;\">pode ser fundamental e garantidor de um retorno seguro e integro, para casa,<\/span><br \/><span style=\"color: #0000ff;\">do motorista e passageiros.<\/span><\/p>\n<p style=\"text-align: center;\">III<\/p>\n<p style=\"text-align: center;\"><span style=\"color: #0000ff;\">Responsabilidade perante o mercado e seguradoras por qualquer erro ou falha<\/span><br \/><span style=\"color: #0000ff;\">na contrata\u00e7\u00e3o dos seguros, logo, al\u00e9m de todos os servi\u00e7os e garantias,<\/span><br \/><span style=\"color: #0000ff;\">ainda h\u00e1 uma TOTAL<\/span> <span style=\"color: #ff0000;\">responsabilidade do CORRETOR<\/span><br \/><span style=\"color: #0000ff;\">pelo que for contratado, portanto, ter um bom corretor \u201cexperiente\u201d<\/span><br \/><span style=\"color: #0000ff;\">pode fazer \u201ce geralmente \u00e9 assim que acontece\u201d, toda a diferen\u00e7a, para melhor.<\/span><\/p>\n<h3 style=\"text-align: center;\"><span style=\"color: #0000ff;\">Quanto vale seu retorno garantido, para casa?<\/span><\/h3>\n<h3 style=\"text-align: center;\"><span style=\"color: #ff0000;\">Quanto vale a seguran\u00e7a de sua fam\u00edlia <\/span><span style=\"color: #ff0000;\">e o futuro de todos?<\/span><span style=\"color: #ffffff;\">.<\/span><\/h3>\n<p style=\"text-align: center;\"><span style=\"color: #0000ff;\">N\u00e3o \u00e9 pagar mais para ter um bom seguro e um excelente corretor, mas sim, optar pelo melhor,<\/span><br \/><span style=\"color: #ff0000;\">investindo <\/span><span style=\"color: #0000ff;\">nessa seguran\u00e7a<\/span> <span style=\"color: #ff0000;\">a mais<\/span><span style=\"color: #0000ff;\">,<\/span><br \/><span style=\"color: #0000ff;\">assim como \u00e9 feito ao adquirir um plano de sa\u00fade, um carro, uma casa,<\/span><br \/><span style=\"color: #0000ff;\">um profissional desta ou daquela \u00e1rea, se bem que,<\/span><br \/><span style=\"color: #0000ff;\">mesmo sem nos darmos conta, selecionamos tudo assim,<\/span><br \/><span style=\"color: #0000ff;\">adquirindo sempre o melhor poss\u00edvel,<\/span><br \/><span style=\"color: #0000ff;\"><span style=\"color: #000000;\">mesmo que seja o cachorro quente da esquina<\/span>, logo, invista em voc\u00ea,<\/span><br \/><span style=\"color: #0000ff;\">seu futuro e o de seus familiares.<\/span><\/p>\n<p style=\"text-align: center;\"><span style=\"color: #ffffff;\">..<\/span><\/p>\n<p style=\"text-align: center;\"><span style=\"color: #0000ff;\">Invista em voc\u00ea e sua fam\u00edlia,<\/span> <strong><span style=\"color: #00ff00;\">tendo o melhor<span style=\"color: #0000ff;\">.<\/span><br \/><\/span><\/strong><span style=\"color: #000000;\">Somente voc\u00ea pode fazer essa escolha: <\/span><span style=\"color: #ff0000;\">economia<\/span> <span style=\"color: #0000ff;\">ou seguran\u00e7a.<\/span><\/p>\n<h3 style=\"text-align: center;\"><span style=\"color: #ff0000;\">Um \u00f3timo seguro e corretor, \u00e9 garantir o futuro, hoje.<\/span><\/h3>\n\n\n<p><\/p>\n","protected":false},"excerpt":{"rendered":"<p>LGPD Em cumprimento a Legisla\u00e7\u00e3o vigente, especialmente Lei 8078\/90- C\u00f3digo de Defesa do Consumidor- CDC e Resolu\u00e7\u00e3o CNSP 382\/2020, artigo 4\u00ba, Par\u00e1grafo 1\u00ba, IV, DECLARAMOS que todas as informa\u00e7\u00f5es relativas as propostas e contratos de seguros intermediados por nossas corretoras estar\u00e3o \u00e0 disposi\u00e7\u00e3o dos Clientes podendo ser solicitadas a qualquer tempo por qualquer um de [&hellip;]<\/p>\n","protected":false},"author":1,"featured_media":0,"parent":0,"menu_order":0,"comment_status":"closed","ping_status":"closed","template":"","meta":{"site-sidebar-layout":"default","site-content-layout":"default","ast-site-content-layout":"default","site-content-style":"default","site-sidebar-style":"default","ast-global-header-display":"","ast-banner-title-visibility":"","ast-main-header-display":"","ast-hfb-above-header-display":"","ast-hfb-below-header-display":"","ast-hfb-mobile-header-display":"","site-post-title":"","ast-breadcrumbs-content":"","ast-featured-img":"","footer-sml-layout":"","ast-disable-related-posts":"","theme-transparent-header-meta":"default","adv-header-id-meta":"","stick-header-meta":"","header-above-stick-meta":"","header-main-stick-meta":"","header-below-stick-meta":"","astra-migrate-meta-layouts":"set","ast-page-background-enabled":"default","ast-page-background-meta":{"desktop":{"background-color":"var(--ast-global-color-4)","background-image":"","background-repeat":"repeat","background-position":"center center","background-size":"auto","background-attachment":"scroll","background-type":"","background-media":"","overlay-type":"","overlay-color":"","overlay-opacity":"","overlay-gradient":""},"tablet":{"background-color":"","background-image":"","background-repeat":"repeat","background-position":"center center","background-size":"auto","background-attachment":"scroll","background-type":"","background-media":"","overlay-type":"","overlay-color":"","overlay-opacity":"","overlay-gradient":""},"mobile":{"background-color":"","background-image":"","background-repeat":"repeat","background-position":"center center","background-size":"auto","background-attachment":"scroll","background-type":"","background-media":"","overlay-type":"","overlay-color":"","overlay-opacity":"","overlay-gradient":""}},"ast-content-background-meta":{"desktop":{"background-color":"var(--ast-global-color-5)","background-image":"","background-repeat":"repeat","background-position":"center center","background-size":"auto","background-attachment":"scroll","background-type":"","background-media":"","overlay-type":"","overlay-color":"","overlay-opacity":"","overlay-gradient":""},"tablet":{"background-color":"var(--ast-global-color-5)","background-image":"","background-repeat":"repeat","background-position":"center center","background-size":"auto","background-attachment":"scroll","background-type":"","background-media":"","overlay-type":"","overlay-color":"","overlay-opacity":"","overlay-gradient":""},"mobile":{"background-color":"var(--ast-global-color-5)","background-image":"","background-repeat":"repeat","background-position":"center center","background-size":"auto","background-attachment":"scroll","background-type":"","background-media":"","overlay-type":"","overlay-color":"","overlay-opacity":"","overlay-gradient":""}},"footnotes":""},"class_list":["post-17","page","type-page","status-publish","hentry"],"yoast_head":"<!-- This site is optimized with the Yoast SEO plugin v27.4 - https:\/\/yoast.com\/product\/yoast-seo-wordpress\/ -->\n<title>LGPD; Corretor - Deep Seguros<\/title>\n<meta name=\"robots\" content=\"index, follow, max-snippet:-1, max-image-preview:large, max-video-preview:-1\" \/>\n<link rel=\"canonical\" href=\"https:\/\/deepseguros.com.br\/?page_id=17\" \/>\n<meta property=\"og:locale\" content=\"pt_BR\" \/>\n<meta property=\"og:type\" content=\"article\" \/>\n<meta property=\"og:title\" content=\"LGPD; Corretor - Deep Seguros\" \/>\n<meta property=\"og:description\" content=\"LGPD Em cumprimento a Legisla\u00e7\u00e3o vigente, especialmente Lei 8078\/90- C\u00f3digo de Defesa do Consumidor- CDC e Resolu\u00e7\u00e3o CNSP 382\/2020, artigo 4\u00ba, Par\u00e1grafo 1\u00ba, IV, DECLARAMOS que todas as informa\u00e7\u00f5es relativas as propostas e contratos de seguros intermediados por nossas corretoras estar\u00e3o \u00e0 disposi\u00e7\u00e3o dos Clientes podendo ser solicitadas a qualquer tempo por qualquer um de [&hellip;]\" \/>\n<meta property=\"og:url\" content=\"https:\/\/deepseguros.com.br\/?page_id=17\" \/>\n<meta property=\"og:site_name\" content=\"Deep Seguros\" \/>\n<meta property=\"article:modified_time\" content=\"2026-03-10T16:50:53+00:00\" \/>\n<meta name=\"twitter:card\" content=\"summary_large_image\" \/>\n<meta name=\"twitter:label1\" content=\"Est. tempo de leitura\" \/>\n\t<meta name=\"twitter:data1\" content=\"3 minutos\" \/>\n<script type=\"application\/ld+json\" class=\"yoast-schema-graph\">{\"@context\":\"https:\\\/\\\/schema.org\",\"@graph\":[{\"@type\":\"WebPage\",\"@id\":\"https:\\\/\\\/deepseguros.com.br\\\/?page_id=17\",\"url\":\"https:\\\/\\\/deepseguros.com.br\\\/?page_id=17\",\"name\":\"LGPD; Corretor - Deep Seguros\",\"isPartOf\":{\"@id\":\"https:\\\/\\\/deepseguros.com.br\\\/#website\"},\"datePublished\":\"2020-12-15T18:42:30+00:00\",\"dateModified\":\"2026-03-10T16:50:53+00:00\",\"breadcrumb\":{\"@id\":\"https:\\\/\\\/deepseguros.com.br\\\/?page_id=17#breadcrumb\"},\"inLanguage\":\"pt-BR\",\"potentialAction\":[{\"@type\":\"ReadAction\",\"target\":[\"https:\\\/\\\/deepseguros.com.br\\\/?page_id=17\"]}]},{\"@type\":\"BreadcrumbList\",\"@id\":\"https:\\\/\\\/deepseguros.com.br\\\/?page_id=17#breadcrumb\",\"itemListElement\":[{\"@type\":\"ListItem\",\"position\":1,\"name\":\"In\u00edcio\",\"item\":\"https:\\\/\\\/deepseguros.com.br\\\/\"},{\"@type\":\"ListItem\",\"position\":2,\"name\":\"LGPD; Corretor\"}]},{\"@type\":\"WebSite\",\"@id\":\"https:\\\/\\\/deepseguros.com.br\\\/#website\",\"url\":\"https:\\\/\\\/deepseguros.com.br\\\/\",\"name\":\"Deep Seguros\",\"description\":\"24h de tranquilidade, todos os dias\",\"potentialAction\":[{\"@type\":\"SearchAction\",\"target\":{\"@type\":\"EntryPoint\",\"urlTemplate\":\"https:\\\/\\\/deepseguros.com.br\\\/?s={search_term_string}\"},\"query-input\":{\"@type\":\"PropertyValueSpecification\",\"valueRequired\":true,\"valueName\":\"search_term_string\"}}],\"inLanguage\":\"pt-BR\"}]}<\/script>\n<!-- \/ Yoast SEO plugin. -->","yoast_head_json":{"title":"LGPD; Corretor - Deep Seguros","robots":{"index":"index","follow":"follow","max-snippet":"max-snippet:-1","max-image-preview":"max-image-preview:large","max-video-preview":"max-video-preview:-1"},"canonical":"https:\/\/deepseguros.com.br\/?page_id=17","og_locale":"pt_BR","og_type":"article","og_title":"LGPD; Corretor - Deep Seguros","og_description":"LGPD Em cumprimento a Legisla\u00e7\u00e3o vigente, especialmente Lei 8078\/90- C\u00f3digo de Defesa do Consumidor- CDC e Resolu\u00e7\u00e3o CNSP 382\/2020, artigo 4\u00ba, Par\u00e1grafo 1\u00ba, IV, DECLARAMOS que todas as informa\u00e7\u00f5es relativas as propostas e contratos de seguros intermediados por nossas corretoras estar\u00e3o \u00e0 disposi\u00e7\u00e3o dos Clientes podendo ser solicitadas a qualquer tempo por qualquer um de [&hellip;]","og_url":"https:\/\/deepseguros.com.br\/?page_id=17","og_site_name":"Deep Seguros","article_modified_time":"2026-03-10T16:50:53+00:00","twitter_card":"summary_large_image","twitter_misc":{"Est. tempo de leitura":"3 minutos"},"schema":{"@context":"https:\/\/schema.org","@graph":[{"@type":"WebPage","@id":"https:\/\/deepseguros.com.br\/?page_id=17","url":"https:\/\/deepseguros.com.br\/?page_id=17","name":"LGPD; Corretor - Deep Seguros","isPartOf":{"@id":"https:\/\/deepseguros.com.br\/#website"},"datePublished":"2020-12-15T18:42:30+00:00","dateModified":"2026-03-10T16:50:53+00:00","breadcrumb":{"@id":"https:\/\/deepseguros.com.br\/?page_id=17#breadcrumb"},"inLanguage":"pt-BR","potentialAction":[{"@type":"ReadAction","target":["https:\/\/deepseguros.com.br\/?page_id=17"]}]},{"@type":"BreadcrumbList","@id":"https:\/\/deepseguros.com.br\/?page_id=17#breadcrumb","itemListElement":[{"@type":"ListItem","position":1,"name":"In\u00edcio","item":"https:\/\/deepseguros.com.br\/"},{"@type":"ListItem","position":2,"name":"LGPD; Corretor"}]},{"@type":"WebSite","@id":"https:\/\/deepseguros.com.br\/#website","url":"https:\/\/deepseguros.com.br\/","name":"Deep Seguros","description":"24h de tranquilidade, todos os dias","potentialAction":[{"@type":"SearchAction","target":{"@type":"EntryPoint","urlTemplate":"https:\/\/deepseguros.com.br\/?s={search_term_string}"},"query-input":{"@type":"PropertyValueSpecification","valueRequired":true,"valueName":"search_term_string"}}],"inLanguage":"pt-BR"}]}},"_links":{"self":[{"href":"https:\/\/deepseguros.com.br\/index.php?rest_route=\/wp\/v2\/pages\/17","targetHints":{"allow":["GET"]}}],"collection":[{"href":"https:\/\/deepseguros.com.br\/index.php?rest_route=\/wp\/v2\/pages"}],"about":[{"href":"https:\/\/deepseguros.com.br\/index.php?rest_route=\/wp\/v2\/types\/page"}],"author":[{"embeddable":true,"href":"https:\/\/deepseguros.com.br\/index.php?rest_route=\/wp\/v2\/users\/1"}],"replies":[{"embeddable":true,"href":"https:\/\/deepseguros.com.br\/index.php?rest_route=%2Fwp%2Fv2%2Fcomments&post=17"}],"version-history":[{"count":14,"href":"https:\/\/deepseguros.com.br\/index.php?rest_route=\/wp\/v2\/pages\/17\/revisions"}],"predecessor-version":[{"id":1459,"href":"https:\/\/deepseguros.com.br\/index.php?rest_route=\/wp\/v2\/pages\/17\/revisions\/1459"}],"wp:attachment":[{"href":"https:\/\/deepseguros.com.br\/index.php?rest_route=%2Fwp%2Fv2%2Fmedia&parent=17"}],"curies":[{"name":"wp","href":"https:\/\/api.w.org\/{rel}","templated":true}]}}