{"id":935,"date":"2020-12-15T18:40:14","date_gmt":"2020-12-15T18:40:14","guid":{"rendered":"https:\/\/isclientes.com.br\/deep\/?page_id=9"},"modified":"2026-03-22T08:42:24","modified_gmt":"2026-03-22T11:42:24","slug":"apresentacao","status":"publish","type":"page","link":"https:\/\/deepseguros.com.br\/?page_id=935","title":{"rendered":"Apresenta\u00e7\u00e3o"},"content":{"rendered":"<p style=\"text-align: center;\"><span style=\"color: #ffffff;\">.<\/span><\/p>\n<p><img fetchpriority=\"high\" decoding=\"async\" class=\"alignnone  wp-image-1421 aligncenter\" src=\"http:\/\/deepseguros.com.br\/wp-content\/uploads\/2026\/03\/0001-300x172.png\" alt=\"\" width=\"434\" height=\"249\" srcset=\"https:\/\/deepseguros.com.br\/wp-content\/uploads\/2026\/03\/0001-300x172.png 300w, https:\/\/deepseguros.com.br\/wp-content\/uploads\/2026\/03\/0001.png 703w\" sizes=\"(max-width: 434px) 100vw, 434px\" \/><\/p>\n<p style=\"text-align: left;\"><span style=\"color: #0000ff;\">Dener<\/span><\/p>\n<p style=\"text-align: left;\"><span style=\"color: #0000ff;\">Desde 1994,<\/span><br \/>\n<span style=\"color: #0000ff;\">atua direto em seguros<\/span><br \/>\n<span style=\"color: #0000ff;\">com extenso conhecimento em sinistros,<\/span><br \/>\n<span style=\"color: #0000ff;\">tanto de ve\u00edculos,<\/span><br \/>\n<span style=\"color: #0000ff;\">como de empresas, resid\u00eancias, condom\u00ednios,<\/span><br \/>\n<span style=\"color: #0000ff;\">mas tamb\u00e9m, com boa base na solu\u00e7\u00e3o em problemas os mais diversos,<\/span><br \/>\n<span style=\"color: #0000ff;\">ergo, apto em garantir tranquilidade e seguran\u00e7a,<\/span><br \/>\n<span style=\"color: #0000ff;\">a mais,<\/span><br \/>\n<span style=\"color: #0000ff;\">24h do dia, todos os dias do ano.<\/span><\/p>\n<p style=\"text-align: right;\"><span style=\"color: #0000ff;\">Diogo<\/span><\/p>\n<p style=\"text-align: right;\"><span style=\"color: #0000ff;\">Tendo atuado em seguros, entre 1997 a 2000,<\/span><br \/>\n<span style=\"color: #0000ff;\">embora depois se afastando \u201cdirige outras empresas\u201d,<\/span><br \/>\n<span style=\"color: #0000ff;\">sempre se manteve atualizado,<\/span><br \/>\n<span style=\"color: #0000ff;\">quanto aos problemas nos seguros,<\/span><br \/>\n<span style=\"color: #0000ff;\">portanto, mesmo que atuando parcialmente,<\/span><br \/>\n<span style=\"color: #0000ff;\">\u00e9 pessoa de total confian\u00e7a,<\/span><br \/>\n<span style=\"color: #0000ff;\">dedicado em mui bem atender<\/span><br \/>\n<span style=\"color: #0000ff;\">e s\u00f3cio fundamental para que nossa corretora,<\/span><br \/>\n<span style=\"color: #0000ff;\">poder garantir o atual padr\u00e3o de atendimento, e melhor\u00e1-lo.<\/span><\/p>\n<p style=\"text-align: center;\"><span style=\"color: #0000ff;\">Quer ficar tranquilo e 100% seguro?<\/span><br \/>\n<strong><span style=\"color: #2f992f;\">Entre em contato.<\/span><\/strong><\/p>\n<p style=\"text-align: center;\"><span style=\"color: #0000ff;\">Dener\u00a0 \u00a0 \u00a0 \u00a0 Diogo<\/span><br \/>\n<a href=\"dener@deepseguros.com.br\">dener@deepseguros.com.br<\/a>\u00a0 \u00a0 \u00a0 \u00a0 <a href=\"diogo@deepseguros.com.br\">diogo@deepseguros.com.br<\/a><br \/>\n<span style=\"color: #ff0000;\">(51) 9.9113.0004\u00a0 \u00a0 \u00a0 \u00a0 \u00a0(51) 9.9927.9091<\/span><\/p>\n<p style=\"text-align: center;\"><span style=\"color: #0000ff;\">Fone (51) 3019.3120 \u2013 geral<br \/>\n<a href=\"deep@deepseguros.com.br\">deep@deepseguros.com.br<\/a><\/span><\/p>\n<p style=\"text-align: center;\"><span style=\"color: #ffffff;\">.<\/span><\/p>\n<p><img decoding=\"async\" class=\"alignnone  wp-image-1424 aligncenter\" src=\"http:\/\/deepseguros.com.br\/wp-content\/uploads\/2026\/03\/0002-300x198.png\" alt=\"\" width=\"451\" height=\"297\" srcset=\"https:\/\/deepseguros.com.br\/wp-content\/uploads\/2026\/03\/0002-300x198.png 300w, https:\/\/deepseguros.com.br\/wp-content\/uploads\/2026\/03\/0002.png 588w\" sizes=\"(max-width: 451px) 100vw, 451px\" \/><\/p>\n<p style=\"text-align: center;\"><span style=\"color: #0000ff;\">Em um mundo e vida atual, pejados de problemas, medos e preocupa\u00e7\u00f5es, <\/span><span style=\"color: #ff0000;\">um \u00f3timo seguro<\/span><br \/>\n<span style=\"color: #0000ff;\">\u00e9 e sempre ser\u00e1, chave para trazer<\/span> <span style=\"color: #ff0000;\">+<\/span> <span style=\"color: #0000ff;\">tranquilidade,<\/span> <span style=\"color: #ff0000;\">+<\/span> <span style=\"color: #0000ff;\">seguran\u00e7a no futuro<\/span><br \/>\n<span style=\"color: #0000ff;\">e<\/span> <span style=\"color: #ff0000;\">+<\/span> <span style=\"color: #0000ff;\">leveza para o dia a dia, logo,<\/span><br \/>\n<span style=\"color: #0000ff;\">resultando em<\/span> <span style=\"color: #ff0000;\">+<\/span> <span style=\"color: #0000ff;\">sa\u00fade, bem estar e<\/span><strong><span style=\"color: #2f992f;\"> alegria em viver<\/span><\/strong><span style=\"color: #0000ff;\">.<\/span><\/p>\n<p><img decoding=\"async\" class=\"aligncenter wp-image-1000 \" src=\"http:\/\/deepseguros.com.br\/wp-content\/uploads\/2022\/03\/ctrl--300x286.jpg\" alt=\"\" width=\"355\" height=\"339\" srcset=\"https:\/\/deepseguros.com.br\/wp-content\/uploads\/2022\/03\/ctrl--300x286.jpg 300w, https:\/\/deepseguros.com.br\/wp-content\/uploads\/2022\/03\/ctrl-.jpg 467w\" sizes=\"(max-width: 355px) 100vw, 355px\" \/><\/p>\n","protected":false},"excerpt":{"rendered":"<p>. Dener Desde 1994, atua direto em seguros com extenso conhecimento em sinistros, tanto de ve\u00edculos, como de empresas, resid\u00eancias, condom\u00ednios, mas tamb\u00e9m, com boa base na solu\u00e7\u00e3o em problemas os mais diversos, ergo, apto em garantir tranquilidade e seguran\u00e7a, a mais, 24h do dia, todos os dias do ano. Diogo Tendo atuado em seguros, [&hellip;]<\/p>\n","protected":false},"author":1,"featured_media":0,"parent":0,"menu_order":0,"comment_status":"closed","ping_status":"closed","template":"","meta":{"site-sidebar-layout":"default","site-content-layout":"default","ast-site-content-layout":"default","site-content-style":"default","site-sidebar-style":"default","ast-global-header-display":"","ast-banner-title-visibility":"","ast-main-header-display":"","ast-hfb-above-header-display":"","ast-hfb-below-header-display":"","ast-hfb-mobile-header-display":"","site-post-title":"","ast-breadcrumbs-content":"","ast-featured-img":"","footer-sml-layout":"","ast-disable-related-posts":"","theme-transparent-header-meta":"default","adv-header-id-meta":"","stick-header-meta":"","header-above-stick-meta":"","header-main-stick-meta":"","header-below-stick-meta":"","astra-migrate-meta-layouts":"set","ast-page-background-enabled":"default","ast-page-background-meta":{"desktop":{"background-color":"var(--ast-global-color-4)","background-image":"","background-repeat":"repeat","background-position":"center center","background-size":"auto","background-attachment":"scroll","background-type":"","background-media":"","overlay-type":"","overlay-color":"","overlay-opacity":"","overlay-gradient":""},"tablet":{"background-color":"","background-image":"","background-repeat":"repeat","background-position":"center center","background-size":"auto","background-attachment":"scroll","background-type":"","background-media":"","overlay-type":"","overlay-color":"","overlay-opacity":"","overlay-gradient":""},"mobile":{"background-color":"","background-image":"","background-repeat":"repeat","background-position":"center center","background-size":"auto","background-attachment":"scroll","background-type":"","background-media":"","overlay-type":"","overlay-color":"","overlay-opacity":"","overlay-gradient":""}},"ast-content-background-meta":{"desktop":{"background-color":"var(--ast-global-color-5)","background-image":"","background-repeat":"repeat","background-position":"center center","background-size":"auto","background-attachment":"scroll","background-type":"","background-media":"","overlay-type":"","overlay-color":"","overlay-opacity":"","overlay-gradient":""},"tablet":{"background-color":"var(--ast-global-color-5)","background-image":"","background-repeat":"repeat","background-position":"center center","background-size":"auto","background-attachment":"scroll","background-type":"","background-media":"","overlay-type":"","overlay-color":"","overlay-opacity":"","overlay-gradient":""},"mobile":{"background-color":"var(--ast-global-color-5)","background-image":"","background-repeat":"repeat","background-position":"center center","background-size":"auto","background-attachment":"scroll","background-type":"","background-media":"","overlay-type":"","overlay-color":"","overlay-opacity":"","overlay-gradient":""}},"footnotes":""},"class_list":["post-935","page","type-page","status-publish","hentry"],"yoast_head":"<!-- This site is optimized with the Yoast SEO plugin v27.4 - https:\/\/yoast.com\/product\/yoast-seo-wordpress\/ -->\n<title>Apresenta\u00e7\u00e3o - Deep Seguros<\/title>\n<meta name=\"robots\" content=\"index, follow, max-snippet:-1, max-image-preview:large, max-video-preview:-1\" \/>\n<link rel=\"canonical\" href=\"https:\/\/deepseguros.com.br\/?page_id=935\" \/>\n<meta property=\"og:locale\" content=\"pt_BR\" \/>\n<meta property=\"og:type\" content=\"article\" \/>\n<meta property=\"og:title\" content=\"Apresenta\u00e7\u00e3o - Deep Seguros\" \/>\n<meta property=\"og:description\" content=\". Dener Desde 1994, atua direto em seguros com extenso conhecimento em sinistros, tanto de ve\u00edculos, como de empresas, resid\u00eancias, condom\u00ednios, mas tamb\u00e9m, com boa base na solu\u00e7\u00e3o em problemas os mais diversos, ergo, apto em garantir tranquilidade e seguran\u00e7a, a mais, 24h do dia, todos os dias do ano. Diogo Tendo atuado em seguros, [&hellip;]\" \/>\n<meta property=\"og:url\" content=\"https:\/\/deepseguros.com.br\/?page_id=935\" \/>\n<meta property=\"og:site_name\" content=\"Deep Seguros\" \/>\n<meta property=\"article:modified_time\" content=\"2026-03-22T11:42:24+00:00\" \/>\n<meta property=\"og:image\" content=\"https:\/\/deepseguros.com.br\/wp-content\/uploads\/2026\/03\/0001.png\" \/>\n\t<meta property=\"og:image:width\" content=\"703\" \/>\n\t<meta property=\"og:image:height\" content=\"404\" \/>\n\t<meta property=\"og:image:type\" content=\"image\/png\" \/>\n<meta name=\"twitter:card\" content=\"summary_large_image\" \/>\n<meta name=\"twitter:label1\" content=\"Est. tempo de leitura\" \/>\n\t<meta name=\"twitter:data1\" content=\"2 minutos\" \/>\n<script type=\"application\/ld+json\" class=\"yoast-schema-graph\">{\"@context\":\"https:\\\/\\\/schema.org\",\"@graph\":[{\"@type\":\"WebPage\",\"@id\":\"https:\\\/\\\/deepseguros.com.br\\\/?page_id=935\",\"url\":\"https:\\\/\\\/deepseguros.com.br\\\/?page_id=935\",\"name\":\"Apresenta\u00e7\u00e3o - Deep Seguros\",\"isPartOf\":{\"@id\":\"https:\\\/\\\/deepseguros.com.br\\\/#website\"},\"primaryImageOfPage\":{\"@id\":\"https:\\\/\\\/deepseguros.com.br\\\/?page_id=935#primaryimage\"},\"image\":{\"@id\":\"https:\\\/\\\/deepseguros.com.br\\\/?page_id=935#primaryimage\"},\"thumbnailUrl\":\"http:\\\/\\\/deepseguros.com.br\\\/wp-content\\\/uploads\\\/2026\\\/03\\\/0001-300x172.png\",\"datePublished\":\"2020-12-15T18:40:14+00:00\",\"dateModified\":\"2026-03-22T11:42:24+00:00\",\"breadcrumb\":{\"@id\":\"https:\\\/\\\/deepseguros.com.br\\\/?page_id=935#breadcrumb\"},\"inLanguage\":\"pt-BR\",\"potentialAction\":[{\"@type\":\"ReadAction\",\"target\":[\"https:\\\/\\\/deepseguros.com.br\\\/?page_id=935\"]}]},{\"@type\":\"ImageObject\",\"inLanguage\":\"pt-BR\",\"@id\":\"https:\\\/\\\/deepseguros.com.br\\\/?page_id=935#primaryimage\",\"url\":\"https:\\\/\\\/deepseguros.com.br\\\/wp-content\\\/uploads\\\/2026\\\/03\\\/0001.png\",\"contentUrl\":\"https:\\\/\\\/deepseguros.com.br\\\/wp-content\\\/uploads\\\/2026\\\/03\\\/0001.png\",\"width\":703,\"height\":404},{\"@type\":\"BreadcrumbList\",\"@id\":\"https:\\\/\\\/deepseguros.com.br\\\/?page_id=935#breadcrumb\",\"itemListElement\":[{\"@type\":\"ListItem\",\"position\":1,\"name\":\"In\u00edcio\",\"item\":\"https:\\\/\\\/deepseguros.com.br\\\/\"},{\"@type\":\"ListItem\",\"position\":2,\"name\":\"Apresenta\u00e7\u00e3o\"}]},{\"@type\":\"WebSite\",\"@id\":\"https:\\\/\\\/deepseguros.com.br\\\/#website\",\"url\":\"https:\\\/\\\/deepseguros.com.br\\\/\",\"name\":\"Deep Seguros\",\"description\":\"24h de tranquilidade, todos os dias\",\"potentialAction\":[{\"@type\":\"SearchAction\",\"target\":{\"@type\":\"EntryPoint\",\"urlTemplate\":\"https:\\\/\\\/deepseguros.com.br\\\/?s={search_term_string}\"},\"query-input\":{\"@type\":\"PropertyValueSpecification\",\"valueRequired\":true,\"valueName\":\"search_term_string\"}}],\"inLanguage\":\"pt-BR\"}]}<\/script>\n<!-- \/ Yoast SEO plugin. -->","yoast_head_json":{"title":"Apresenta\u00e7\u00e3o - Deep Seguros","robots":{"index":"index","follow":"follow","max-snippet":"max-snippet:-1","max-image-preview":"max-image-preview:large","max-video-preview":"max-video-preview:-1"},"canonical":"https:\/\/deepseguros.com.br\/?page_id=935","og_locale":"pt_BR","og_type":"article","og_title":"Apresenta\u00e7\u00e3o - Deep Seguros","og_description":". Dener Desde 1994, atua direto em seguros com extenso conhecimento em sinistros, tanto de ve\u00edculos, como de empresas, resid\u00eancias, condom\u00ednios, mas tamb\u00e9m, com boa base na solu\u00e7\u00e3o em problemas os mais diversos, ergo, apto em garantir tranquilidade e seguran\u00e7a, a mais, 24h do dia, todos os dias do ano. Diogo Tendo atuado em seguros, [&hellip;]","og_url":"https:\/\/deepseguros.com.br\/?page_id=935","og_site_name":"Deep Seguros","article_modified_time":"2026-03-22T11:42:24+00:00","og_image":[{"width":703,"height":404,"url":"https:\/\/deepseguros.com.br\/wp-content\/uploads\/2026\/03\/0001.png","type":"image\/png"}],"twitter_card":"summary_large_image","twitter_misc":{"Est. tempo de leitura":"2 minutos"},"schema":{"@context":"https:\/\/schema.org","@graph":[{"@type":"WebPage","@id":"https:\/\/deepseguros.com.br\/?page_id=935","url":"https:\/\/deepseguros.com.br\/?page_id=935","name":"Apresenta\u00e7\u00e3o - Deep Seguros","isPartOf":{"@id":"https:\/\/deepseguros.com.br\/#website"},"primaryImageOfPage":{"@id":"https:\/\/deepseguros.com.br\/?page_id=935#primaryimage"},"image":{"@id":"https:\/\/deepseguros.com.br\/?page_id=935#primaryimage"},"thumbnailUrl":"http:\/\/deepseguros.com.br\/wp-content\/uploads\/2026\/03\/0001-300x172.png","datePublished":"2020-12-15T18:40:14+00:00","dateModified":"2026-03-22T11:42:24+00:00","breadcrumb":{"@id":"https:\/\/deepseguros.com.br\/?page_id=935#breadcrumb"},"inLanguage":"pt-BR","potentialAction":[{"@type":"ReadAction","target":["https:\/\/deepseguros.com.br\/?page_id=935"]}]},{"@type":"ImageObject","inLanguage":"pt-BR","@id":"https:\/\/deepseguros.com.br\/?page_id=935#primaryimage","url":"https:\/\/deepseguros.com.br\/wp-content\/uploads\/2026\/03\/0001.png","contentUrl":"https:\/\/deepseguros.com.br\/wp-content\/uploads\/2026\/03\/0001.png","width":703,"height":404},{"@type":"BreadcrumbList","@id":"https:\/\/deepseguros.com.br\/?page_id=935#breadcrumb","itemListElement":[{"@type":"ListItem","position":1,"name":"In\u00edcio","item":"https:\/\/deepseguros.com.br\/"},{"@type":"ListItem","position":2,"name":"Apresenta\u00e7\u00e3o"}]},{"@type":"WebSite","@id":"https:\/\/deepseguros.com.br\/#website","url":"https:\/\/deepseguros.com.br\/","name":"Deep Seguros","description":"24h de tranquilidade, todos os dias","potentialAction":[{"@type":"SearchAction","target":{"@type":"EntryPoint","urlTemplate":"https:\/\/deepseguros.com.br\/?s={search_term_string}"},"query-input":{"@type":"PropertyValueSpecification","valueRequired":true,"valueName":"search_term_string"}}],"inLanguage":"pt-BR"}]}},"_links":{"self":[{"href":"https:\/\/deepseguros.com.br\/index.php?rest_route=\/wp\/v2\/pages\/935","targetHints":{"allow":["GET"]}}],"collection":[{"href":"https:\/\/deepseguros.com.br\/index.php?rest_route=\/wp\/v2\/pages"}],"about":[{"href":"https:\/\/deepseguros.com.br\/index.php?rest_route=\/wp\/v2\/types\/page"}],"author":[{"embeddable":true,"href":"https:\/\/deepseguros.com.br\/index.php?rest_route=\/wp\/v2\/users\/1"}],"replies":[{"embeddable":true,"href":"https:\/\/deepseguros.com.br\/index.php?rest_route=%2Fwp%2Fv2%2Fcomments&post=935"}],"version-history":[{"count":22,"href":"https:\/\/deepseguros.com.br\/index.php?rest_route=\/wp\/v2\/pages\/935\/revisions"}],"predecessor-version":[{"id":1497,"href":"https:\/\/deepseguros.com.br\/index.php?rest_route=\/wp\/v2\/pages\/935\/revisions\/1497"}],"wp:attachment":[{"href":"https:\/\/deepseguros.com.br\/index.php?rest_route=%2Fwp%2Fv2%2Fmedia&parent=935"}],"curies":[{"name":"wp","href":"https:\/\/api.w.org\/{rel}","templated":true}]}}